*c. Suppose 0 = -0*s - 5*s - 125. Let w = c + s. List the prime factors of w.
41
Let z(g) = 190*g**2 - 3*g - 3. What are the prime factors of z(-2)?
7, 109
Let q = 12 - 11. Let y(k) = 5*k**2. Let l be y(q). Suppose l*j = 4*j + 52. What are the prime factors of j?
2, 13
Suppose -46 = -p - 2*d, 0*p + 4*d + 168 = 3*p. Suppose 4*k - 2*q - 112 = 0, k - p = 5*q - 6. List the prime factors of k.
2, 13
Suppose 2*g - j - j + 30 = 0, g + 10 = 2*j. Let b = g - -106. What are the prime factors of b?
2, 43
What are the prime factors of 269*(-1 - 2*(-20)/8)?
2, 269
Suppose -9*t + 8003 = -6*t - 5*x, 0 = 2*t - 5*x - 5332. List the prime factors of t.
2671
Suppose 14*c - 23661 = 31513. List the prime factors of c.
7, 563
Let y = -18 + 17. Let c be 2 + 0/y*1. List the prime factors of c - (-2)/(-2) - -32.
3, 11
Suppose 0*t - 25 = -5*t. Suppose -3 = 3*n, 0 = t*l - 5*n - 2 - 3. Suppose -4*w - 2*u + 38 = l, -3*w + w + 31 = 5*u. What are the prime factors of w?
2
Suppose 5*n + 558 = 4*h - h, -4*h = -2*n - 758. Let a = 309 - h. What are the prime factors of a?
2, 59
Suppose -37*n - 9*n + 55936 = 0. What are the prime factors of n?
2, 19
Let b(i) = -i**3 - 7*i**2 - 2*i + 1. Let x be b(-6). Let w = x + 27. Suppose -d = -4*o - 5*d + 320, 3*d + 313 = w*o. List the prime factors of o.
79
List the prime factors of 13898/14 + (208/(-56) - -4).
3, 331
Let h(q) = 17*q**2 + 13*q + 11. List the prime factors of h(6).
701
Suppose 0 = 4*g - 2*u - 1865 - 1131, -2*g - 5*u + 1510 = 0. Suppose 0 = -5*f - 2*o - g, -f - 5*o + 271 = -3*f. What are the prime factors of (-3)/(12/f) - 2?
5, 7
Suppose 4*k + k = 30. Let j(x) = -x**3 + 6*x**2 + 3*x - 3. Let v be j(k). What are the prime factors of 20*(-1 + 21/v)?
2
Suppose -13*y - 19 = 137. What are the prime factors of 6/y + (-135)/(-2)?
67
Let w(d) = d - 7. Let h = -22 - -33. List the prime factors of w(h).
2
Suppose -4*l = -5*l + 13. Let d = 15 - l. Suppose u = d*s + 15, 0 = -3*s + 12 - 3. What are the prime factors of u?
3, 7
Suppose -2*q = 2*g - 116, -3*q + g + 95 = -95. Suppose 0 = -3*u - 3*t - 135, -130 = 2*u + 5*t - 34. Let v = q + u. List the prime factors of v.
19
Suppose -2*i + 2*l - l + 1823 = 0, 0 = -i - 2*l + 899. List the prime factors of i.
3, 101
Let n(p) = -p**2 - 12*p + 4. Let j be n(-12). Suppose j*u = 4*w - 272, -5*w + 364 = 2*u + u. What are the prime factors of w?
71
Let u(b) be the second derivative of -b**4/12 + 11*b**3/3 - b**2 + 17*b. What are the prime factors of u(16)?
2, 47
Suppose -f + 13 = -2*f. What are the prime factors of (-310)/f + (-2)/(-13)?
2, 3
Let w(k) = k + 8. Suppose 7 = -4*p + 2*s + 55, 0 = -2*p + 4*s + 30. Suppose -21 = -4*n + p. What are the prime factors of w(n)?
2
Let w = -289 + 585. What are the prime factors of w?
2, 37
Suppose 5*z = -3*j + 2629, 2*z - 1057 = -j - 2*j. List the prime factors of z.
2, 131
Let c = -100 - -272. List the prime factors of c.
2, 43
Suppose -n - 9 - 10 = -4*h, -4*n + 4 = 0. Suppose 0 = -h*x + 4*d + 66, 3 + 2 = 5*d. What are the prime factors of x?
2, 7
Let h(q) = -7*q**2 - q - 14. Let x(y) = -15*y**2 - y - 29. Let c(j) = 13*h(j) - 6*x(j). Let l be c(-4). Suppose -l*r = 2*r - 378. List the prime factors of r.
3, 7
List the prime factors of (20568/(-48))/((9/(-3))/6).
857
Let n = 58 + -61. What are the prime factors of 73 + n/((-3)/2 + 3)?
71
What are the prime factors of 1/((56/8)/1771)?
11, 23
Let p be (8/32)/(1/(-4)). What are the prime factors of (12/(-10))/(p*3/20)?
2
Let z(p) = -52*p - 24. Let i(o) = 18*o + 8. Let m(v) = -14*i(v) - 5*z(v). List the prime factors of m(6).
2, 7
Suppose 3*t + 2*t - 19 = u, -4*u + 4*t = -4. Suppose -u + 4 = -x. Suppose -g + x*a + 154 = g, -3*g = -a - 223. List the prime factors of g.
73
Suppose 2*a + j = -j + 32, 4*a - 3*j - 57 = 0. What are the prime factors of (-5)/(a/(-378)) + (-2)/(-2)?
127
List the prime factors of (0 + 5 - 1)*(145 + 112).
2, 257
What are the prime factors of (-515*1)/(87/(-609))?
5, 7, 103
List the prime factors of 489 - 0 - 0*(-5 + 4).
3, 163
Suppose l - 1151 = -15*w + 11*w, 5704 = 5*l + 3*w. List the prime factors of l.
17, 67
Suppose -68 = 2*r + 4. Suppose -6*h + 7*h = -25. Let u = h - r. What are the prime factors of u?
11
List the prime factors of (-462 + (-2 - 7))*2/(-3).
2, 157
Let a(o) = -o**3 + 7*o**2 + 6*o - 20. Let w be a(8). What are the prime factors of 763/9 - ((-28)/w - 1)?
5, 17
Suppose b = -5*p + 5*b - 1, 2 = -2*p + 2*b. Suppose 14*u = -8*u + 2728. Suppose 38 = p*d - u. What are the prime factors of d?
2, 3
Suppose -2489 + 284 = -3*b. Suppose 26*j = 21*j + b. List the prime factors of j.
3, 7
Suppose -14 + 14 = 7*w. Suppose -h + 0*g = 3*g - 130, -5*h - 2*g + 689 = w. List the prime factors of h.
139
Let w(o) = 2*o + 18. Let a be w(-13). Let l = -11 - a. Let d = 3 - l. List the prime factors of d.
2, 3
Suppose -o + 28 = -12. List the prime factors of (-1)/(1*(-2)/o).
2, 5
Let t = 212 - 346. Let o = t - -231. What are the prime factors of o?
97
Let j(i) = 4*i + 8. Let t(m) = -2*m - 4. Let g(v) = 4*j(v) + 7*t(v). Let b be g(-3). Let s = b + 18. What are the prime factors of s?
2
Suppose 10 = 7*c + 3. Let g be 4/(2 - 0)*c. Suppose -h + g + 2 = 0. What are the prime factors of h?
2
Suppose 385*j - 353*j = 90144. What are the prime factors of j?
3, 313
Let m(i) = -i**3 - 2*i**2 + 3*i - 2. Let q be m(-3). Let w be q - (2 - (4 - 0)). What are the prime factors of ((-84)/(-3) - 3) + w?
5
Suppose 253 - 5345 = -19*x. List the prime factors of x.
2, 67
Let g = 187 - 7. Let b = g + -116. Suppose -4*u + 5*p = p - b, -p = u - 18. List the prime factors of u.
17
Let m be 3/12 + (-2)/8. Let a(t) = -t**2 - t + 4. Let w(l) = -2*l**2 - 2*l + 3. Let x(r) = 3*a(r) - 2*w(r). List the prime factors of x(m).
2, 3
Let v(u) = -u**3 - 3*u**2 - 3*u. Let t be v(-2). Suppose 4*p - 188 = -5*g, t*p + 5*g - 37 = 57. List the prime factors of p.
47
Let y(z) = -z**2 - 4*z + 6. Let q be y(-6). Let w be (-2)/q + 2/(-6). Suppose t = -2*a + 20, t - 15 = -w*t + 3*a. What are the prime factors of t?
2, 3
Suppose 2*o + 5*g = 280, 66 = o - 4*g - 74. What are the prime factors of o?
2, 5, 7
Let c(o) = -2*o + 8. Let f(p) = 19*p**3 + p - 1. Let j be f(1). Suppose -j = g - 11. What are the prime factors of c(g)?
2, 3
List the prime factors of (-11)/((-99)/(-45)) - -1435.
2, 5, 11, 13
Suppose 3*k - 17 - 10 = 0. Suppose p - 2 = -4*m, m - k = -4*p + 8*p. List the prime factors of (46/(-4))/(p/4).
23
Let z(u) = u**3 - 10*u**2 + 2*u + 6. Let y be z(6). Let l = -57 - y. Suppose l - 5 = 4*w. List the prime factors of w.
2
Let o(g) be the third derivative of -g**6/120 + g**5/20 - g**4/24 - g**3/2 - g**2. What are the prime factors of o(-4)?
113
Let o = 33 + -14. Let q(f) = -f**3 + f**2 - 2*f. Let t be q(2). Let k = o + t. List the prime factors of k.
11
Let w(n) = n**2 + 31*n + 113. List the prime factors of w(-44).
5, 137
Let d(q) = q**2 + 5*q - 20. Let o be d(-8). Suppose o*r - 139 = -5*s, r + r - 69 = -3*s. What are the prime factors of r?
2, 3
Suppose 4*r + 23 = -53. Let d = r + 27. Let i(x) = 7*x - 10. What are the prime factors of i(d)?
2, 23
Suppose 0 = -5*w - k + 563, w + 5*k - 80 = 23. Suppose 3*o = -w + 173. What are the prime factors of o?
2, 5
Suppose 82 = -2*u - 2*r, u - 4*r - 1 = -17. Suppose -2*c - 15 = -v, -v = -1 - 2. What are the prime factors of c + 2 + 2 - u?
2, 17
Let y = -252 + 844. What are the prime factors of y?
2, 37
Let l be (2*(-261)/(-8))/(5/20). Suppose -l = -4*z - 5*z. List the prime factors of z.
29
Let v = 31 - 28. Suppose -v*t = 3*c - 231, -6 - 151 = -2*c - 5*t. List the prime factors of c.
2, 19
Let w be 2/4 + 45/30. Let v be 174/11 - w/(-11). Suppose -v = -f - 3. What are the prime factors of f?
13
Let a = -23 - 2. Let k(q) = -q**3 + 9*q**2 - 7*q - 10. Let l be k(7). Let p = a + l. List the prime factors of p.
2, 7
Suppose 28*i - 15891 = 14321. List the prime factors of i.
13, 83
Let s be -14 + -1 - (6 - 50/5). Let i(a) = a**2 + 2*a + 14. List the prime factors of i(s).
113
List the prime factors of 103/((-9)/(-21) - 4/14).
7, 103
Let j(x) = -556*x + 37. What are the prime factors of j(-8)?
3, 5, 13, 23
Suppose w - 315 = -4*h, 116 = -w - 2*h + 429. What are the prime factors of w?
311
Let p = 17 + -25. Let o = 38 + p. List the prime factors of o.
2, 3, 5
Let q(c) = c**2 - 6*c + 7. Let y be q(10). What are th